- 2*g - 1. Let f be m(-2). Let s = f - d. Is s composite?
False
Let o be 3/((-42082)/(-10520) - 4). Suppose 5*r - 47038 = 2*f - o, 6270 = r - 5*f. Suppose 5*l - r = -5*h, 0*h - 5001 = -4*l - 5*h. Is l a composite number?
False
Suppose 4*p - 2265226 = 3*l, -82*l - 1132598 = -2*p - 78*l. Is p prime?
True
Suppose -4*v + 0*v = -5*p - 155, -v = p + 31. Is (919/(-3))/(p/93) composite?
False
Let a = -6 + 9. Let r be (-16)/(-3) + (-14)/(-21). Suppose 0 = r*v - a*v - 1005. Is v prime?
False
Let i(x) = 424*x**3 + 22*x**2 - 165*x - 17. Is i(12) a prime number?
False
Let g = 11 + -7. Let u(r) be the third derivative of r**6/8 - r**5/30 - 5*r**4/12 + 7*r**3/6 + 1261*r**2. Is u(g) composite?
True
Let d be (-5 + 8)/(1 - 0). Suppose f = -2*z + 27500, z - d*z - 3*f = -27496. Suppose -3410 + z = 9*k. Is k prime?
False
Is (-7)/(-35)*(559889 + -19) prime?
False
Let m = -190 - -1441. Suppose 2*h - m = 11. Is h composite?
False
Let m(q) be the second derivative of q**3 + 133/12*q**4 - 11*q + 0 + 7/2*q**2. Is m(-4) prime?
True
Let g = 459225 + -267854. Is g prime?
False
Suppose -54 - 46 = -25*a. Let c(z) = 206*z - 69. Is c(a) composite?
True
Let n be (-18)/4*270/(-243). Suppose -8 = -2*t, -11286 = -n*b - 3*t + 6331. Is b prime?
False
Suppose -596*p - 2909348 = -648*p. Is p prime?
True
Let t(b) = 6 + 3904*b**2 - 5937*b**3 - 3903*b**2 + 5*b + 2*b. Is t(-1) a composite number?
True
Let x = -88342 + 271089. Is x a prime number?
True
Let l be 1/((-44)/(-20) + -2). Suppose -5*z + l*f = 0, 0 = f + 2*f - 6. Suppose 0 = -z*h - 2*h - y + 796, h - 199 = -2*y. Is h prime?
True
Let o be (2 - 7) + 54/6. Suppose o*l - 2540 = -4*h, 166*h - 163*h = 0. Is l a prime number?
False
Suppose 0 = -17*x + 18*x + 2905. Let w be (8/5)/(14/x). Is 12/(-4) - -2 - w a composite number?
False
Suppose -3*j - 5*y - 6194 = -34696, -3*j + 28547 = -4*y. Is j a composite number?
True
Suppose 629501 = 4*r - 162*p + 167*p, -p - 157382 = -r. Is r a composite number?
True
Let a = 269 + -235. Suppose -3*l = -2413 + a. Is l a composite number?
True
Let v(l) = 7*l**3 - 39*l**2 + 192*l - 79. Is v(29) a prime number?
True
Suppose 2*n + 3104 = 4*w, 9*w - 10*w + 6222 = -4*n. Let f = 1025 - n. Is f a prime number?
False
Suppose c = -3*i - 40, 3*c + 84 - 16 = -5*i. Let a = 12 + i. Let b(g) = -125*g + 2. Is b(a) a prime number?
True
Let r(f) = -13*f**3 - 27*f**2 - 29*f + 77. Let z(o) = 15*o**3 + 28*o**2 + 28*o - 78. Let h(d) = -7*r(d) - 6*z(d). Is h(-16) prime?
False
Let d(p) = -11*p + 26. Let i be d(2). Is 5403/i - (2 - (-9)/(-4)) prime?
False
Suppose -13021571 = -34*p - 63*p. Is p prime?
True
Let p(q) = 3*q**3 + 5*q**2 - 9*q - 13. Let u be p(6). Suppose -14*i + 10*i = -3*j + u, -2 = i. Is j prime?
True
Let w(g) = 50*g**3 - 3*g + 2. Suppose -2*u = l - 4, 2*l - 6*l = 0. Let k be w(u). Suppose 5*t - t = 12, 3*s + 5*t = k. Is s prime?
True
Suppose -37119 + 5989505 = 22*w. Is w prime?
True
Let w(s) = -343*s**2 + 9*s - 31. Let n(f) = -345*f**2 + 8*f - 31. Let x(u) = 4*n(u) - 5*w(u). Is x(3) composite?
True
Suppose 17*j = -5331 - 29162. Let f(a) = -198*a + 22. Let z be f(16). Let n = j - z. Is n a composite number?
False
Suppose -75130 = -4*o + y - 8284, 50134 = 3*o - y. Suppose 0 = -4*l + 8, 3*l - l - o = -4*x. Is x composite?
False
Let h(o) = 0 + 205*o**2 + 279*o**2 - 3 - 77*o**2 - 66*o**2. Is h(2) prime?
True
Suppose -2*g + 18 = -3*y - 7*g, 2*y + 13 = -3*g. Is 142*12 - (y - -4) a prime number?
False
Let f(p) = -5*p**3 - 43*p**2 - 107*p - 619. Is f(-24) prime?
True
Suppose 3748237 - 11809582 = -45*y. Is y composite?
True
Let w = 18042 - 12535. Is w prime?
True
Let f(q) = -2*q**2 - 8*q - 10. Let i be f(-4). Let t be i*3/((-30)/3208). Suppose 6*n - t = -2*n. Is n a composite number?
False
Suppose -4*t + 112 = 4*a, 4*a - 121 - 6 = -t. Let z(m) = m**2 + 41*m - 31. Is z(a) a composite number?
False
Let q(f) be the third derivative of f**6/60 - f**5/30 + 5*f**4/6 + f**3/6 + 36*f**2. Is q(8) a prime number?
False
Suppose -8*c = -74064 - 36424. Is c a composite number?
True
Let l(z) = -z**3 + 77*z**2 - 56*z - 37. Is l(56) composite?
False
Let k be 61 - 15/(-2)*8/(-20). Suppose -46*q - 272868 = -k*q. Is q a prime number?
True
Suppose -5*x + 6*k + 40730 = 11*k, 4*x - 4*k = 32592. Suppose 0 = -61*q + 62*q - x. Is q prime?
True
Let b(x) = -3311*x**2 + 5*x - 2. Let n be b(1). Let g = n + 5235. Is g composite?
True
Let k = 198 + 501. Is k a prime number?
False
Let k(y) = 2040*y + 161. Let u(o) = -o**3 + 4*o**2 + 79*o - 15. Let t be u(11). Is k(t) composite?
True
Suppose v = -3*v + 36100. Suppose -t - 878 = -v. Is t a prime number?
True
Let o = 116 - 198. Suppose -4*h - 2368 = -4*n, -5*n = 5*h - h - 2969. Let l = o + n. Is l a prime number?
False
Let u(s) = -s**3 + 24*s**2 + 14*s - 6. Let l be u(24). Suppose -m = -3*m + l. Is 11/(m/(-10)) + (-5543)/(-3) composite?
False
Let v(u) = 651*u + 221. Let c be v(13). Suppose -21*a = -25*a + c. Is a a prime number?
False
Let v = -20461 - -50108. Is v prime?
False
Let r = 9616 - 5430. Suppose r + 3204 = 2*h. Is h composite?
True
Suppose 0 = u + 2*u - 12. Suppose 4*v - u = 0, 0*b + 3*b - 5*v - 3109 = 0. Suppose -h + b = -809. Is h a prime number?
True
Suppose -5*m + 2*m = -2*m. Suppose m*w = 3*f + 4*w - 40, w = -f + 12. Suppose -2231 = -f*l - 447. Is l prime?
True
Suppose -5*o + 555745 = -5*p, 3*o - 2*p - 87610 = 245831. Is o a composite number?
False
Let f(a) = 1297*a**3 + a**2 - 6*a + 5. Let y be f(3). Suppose -3*d = -j - 21008, 18*d - 13*d = 2*j + y. Is d prime?
True
Let l(r) = -15*r**3 - 4*r**2 - 7*r. Let x be l(9). Let q = x + 27919. Is q prime?
False
Is 8418294/60 - 3/(-30) - 8 prime?
True
Is 6/(-16) - (6/22 + 5548726235/(-20680)) a prime number?
False
Let c = -64582 - -95099. Is c a prime number?
True
Suppose -q - 40 = -44. Suppose -4 - 16 = 4*f, q*r = 3*f + 13747. Is r a composite number?
False
Suppose 10 = 5*g, -13*z + 2*g - 89568 = -15*z. Is z prime?
False
Suppose -124*y + 351 = -111*y. Let v = 843 - -1194. Suppose 30*l = y*l + v. Is l composite?
True
Let r(t) = -t**3 + 21*t**2 + 14*t + 19. Let h(y) = y**2 + 10*y - 15. Let o be h(-12). Suppose 4*x - o*x + 80 = 0. Is r(x) a composite number?
False
Is 39197230/697 - (-8)/(-136) a composite number?
False
Let k(f) be the first derivative of 79*f**4 + f**3/3 - 7*f**2/2 + 3*f + 23. Is k(2) prime?
True
Suppose -4*t - 3*c + 747772 = 0, -14*c = 2*t - 10*c - 373886. Is t prime?
False
Let y = -49 + 64. Suppose -y = -31*v + 26*v. Suppose -5*u - 237 - 916 = -v*t, -3*u = -4*t + 1530. Is t prime?
False
Let z = -1261 + 2327. Let v = -419 + z. Is v a prime number?
True
Let c = 1002932 + -572583. Is c prime?
False
Suppose -4*y - 17*p + 15*p + 82672 = 0, y = 5*p + 20646. Let v = y + 1625. Is v a prime number?
True
Suppose 3*r - 2*q + 3 - 8 = 0, 5*r - 4*q = 7. Suppose -3*p - 2*g + 6135 = 0, -r*p + 6144 = -0*p - g. Is p composite?
True
Let r(u) be the third derivative of u**8/630 + u**7/1680 + u**6/120 - 13*u**5/60 - 4*u**2. Let l(k) be the third derivative of r(k). Is l(-5) composite?
True
Is 6 - (-364047 + (-16 + 7 - -5)) a composite number?
True
Let f(s) = -s + 20. Let p be f(-3). Suppose -18*t - 6265 = -p*t. Is t a composite number?
True
Suppose -9*a = 122 - 374. Let z be (-1)/(-3) + (-164)/(-12). Is ((-1756)/z)/((-4)/a) a composite number?
True
Let q = -106 + 110. Let c be -1 + (q - 7) + 36. Suppose -4*p = -5*v - 0*v + 247, 5*p = -v + c. Is v composite?
False
Let h(j) = -3*j + 7. Let f be h(-8). Suppose -f*s + 27*s = -16. Suppose -5997 = -4*i + n, 0 = -0*i + 3*i + s*n - 4493. Is i composite?
False
Let i be 3 + -6 - (-2)/(-2). Let v(z) = -2*z**2 + 3*z + 7. Let p(f) = -2*f**2 + 4*f + 8. Let g(w) = i*v(w) + 3*p(w). Is g(3) a composite number?
True
Let h = -219820 - -733119. Is h a prime number?
False
Suppose w - y = 5, -2*w + 2*y - 5*y = 0. Is 654/12*402/w composite?
True
Let y be -2 - ((0 - 1) + -3) - -3. Suppose -y*z + 1047 = -4*c + 5*c, 2*z - 5281 = -5*c. Is c prime?
False
Suppose 105 = -5*c - 90. Let w = c + 39. Is w - (-7795)/(7 + -2) prime?
True
Let n(t) = -2*t**3 + 6*t**2 - 5*t - 1. Let p be n(4). Let v = p + 55. Suppose 70 = v*w - 2*f - 764, 4*f - 2103 = -5*w. Is w a prime number?
True
Let s(u) = -740*u + 17. Let y be s(-2). Suppose 0 = 2*i - 2*q - 3006, -i + 5*q = 7*q - y. Is i composite?
True
Let l(k) = 40*k**3 - 3*k**2 + 3*k - 5. Let h be